 a factor of 52798905?
True
Does 1009 divide 593812644?
True
Is 232 a factor of 36150472?
True
Is 9 a factor of 96878538?
True
Does 9 divide 439871769?
True
Does 17 divide 64758764?
False
Is 1275 a factor of 55250755?
False
Is 201 a factor of 16883498?
False
Is 179127927 a multiple of 11?
True
Is 3264844 a multiple of 1500?
False
Is 3574820455 a multiple of 70?
False
Is 276 a factor of 179966352?
True
Does 159 divide 79286262?
False
Is 944419784 a multiple of 15?
False
Does 11 divide 37823192?
True
Does 13 divide 112200179?
True
Is 768702920 a multiple of 1490?
True
Is 63 a factor of 7147854?
True
Does 245 divide 103493?
False
Does 570 divide 300901386?
False
Is 10 a factor of 10160225?
False
Does 22 divide 34363780?
True
Is 24 a factor of 23578200?
True
Is 54 a factor of 124874730?
True
Is 845 a factor of 35787440?
True
Does 31 divide 38190078?
True
Is 120924682 a multiple of 2256?
False
Is 328017434 a multiple of 23?
False
Is 91018508 a multiple of 8?
False
Is 92 a factor of 352652444?
False
Does 1797 divide 2314536?
True
Is 65906937 a multiple of 18?
False
Is 167809823 a multiple of 50?
False
Is 28 a factor of 968330272?
True
Is 147 a factor of 8826027?
True
Does 14 divide 5983150?
False
Is 326712163 a multiple of 5833?
True
Does 11725 divide 1074138975?
True
Is 61801698 a multiple of 102?
True
Is 1947635280 a multiple of 4104?
True
Is 16 a factor of 265969263?
False
Does 48 divide 704834784?
True
Is 64530148 a multiple of 176?
False
Does 841 divide 37103029?
False
Does 1935 divide 62270528?
False
Is 29687964 a multiple of 867?
False
Is 64642809 a multiple of 147?
True
Is 6 a factor of 45802098?
True
Is 10 a factor of 1157724?
False
Is 7044840 a multiple of 11860?
True
Is 31955537 a multiple of 22?
False
Does 11 divide 46994134?
True
Is 43156553 a multiple of 2293?
True
Does 278 divide 50455230?
False
Is 10 a factor of 1985483948?
False
Is 49 a factor of 64903097?
True
Does 44 divide 57371424?
True
Is 226 a factor of 19870824?
True
Is 11 a factor of 268251819?
True
Is 19685331 a multiple of 1366?
False
Does 6644 divide 390839944?
True
Is 258644050 a multiple of 316?
False
Does 1942 divide 116591247?
False
Does 10 divide 1351157695?
False
Does 108 divide 170953857?
False
Is 530231600 a multiple of 5?
True
Is 57637968 a multiple of 2384?
True
Is 116 a factor of 51322344?
True
Is 19 a factor of 30821572?
True
Is 2618 a factor of 761584054?
True
Does 1017 divide 3980366?
False
Is 55 a factor of 1823831511?
False
Is 546873999 a multiple of 1441?
False
Is 190335603 a multiple of 699?
True
Is 2815 a factor of 239725400?
True
Is 35 a factor of 1518250428?
False
Is 129 a factor of 3833104?
False
Does 9 divide 2034828036?
True
Is 127 a factor of 34274979?
False
Is 397 a factor of 166172290?
True
Does 694 divide 159168206?
True
Is 23 a factor of 62190574?
True
Is 382425380 a multiple of 11?
False
Is 803937405 a multiple of 3?
True
Is 165 a factor of 550703175?
True
Does 38 divide 201002518?
False
Is 6222 a factor of 3122747136?
True
Is 879073028 a multiple of 1157?
False
Is 2015880 a multiple of 785?
True
Does 12 divide 465293124?
True
Does 86 divide 76507148?
True
Is 225393977 a multiple of 47?
False
Is 191 a factor of 168464292?
True
Is 101102513 a multiple of 1966?
False
Is 17 a factor of 138615416?
True
Is 3 a factor of 253454376?
True
Does 767 divide 27765735?
False
Does 58 divide 121047308?
False
Is 163329026 a multiple of 490?
False
Is 35407658 a multiple of 143?
True
Does 1004 divide 378980770?
False
Is 5 a factor of 18386255?
True
Is 125 a factor of 5972343?
False
Does 59 divide 104409440?
False
Is 10 a factor of 1129772338?
False
Is 66535120 a multiple of 666?
False
Is 98 a factor of 1635204?
False
Does 358 divide 2298753907?
False
Is 402793943 a multiple of 6?
False
Is 385 a factor of 391140686?
False
Does 6900 divide 1067447547?
False
Does 89 divide 33465513?
True
Is 179091331 a multiple of 128?
False
Does 6 divide 90213595?
False
Does 2485 divide 2077728380?
True
Is 2617 a factor of 27366144?
False
Does 5 divide 1732750?
True
Is 3985432002 a multiple of 1293?
True
Is 186 a factor of 162450719?
False
Does 4 divide 24856232?
True
Does 17 divide 175157188?
True
Is 49 a factor of 385745040?
False
Is 589 a factor of 6640975?
True
Is 7259581 a multiple of 7?
True
Is 598413 a multiple of 2?
False
Does 550 divide 1632599878?
False
Is 1757 a factor of 4671493643?
False
Is 22 a factor of 49395302?
True
Is 30 a factor of 684529?
False
Does 5 divide 161315313?
False
Does 652 divide 831784436?
True
Does 6 divide 141617526?
True
Is 667344210 a multiple of 130?
True
Does 88 divide 137941056?
True
Is 51707754 a multiple of 1246?
True
Is 3 a factor of 30790299?
True
Does 4885 divide 3518898535?
False
Is 25 a factor of 42488300?
True
Does 1649 divide 28364930?
False
Is 220 a factor of 10306780?
True
Is 391027455 a multiple of 533?
True
Is 31 a factor of 747942611?
True
Is 2321787798 a multiple of 32?
False
Is 962736169 a multiple of 105?
False
Is 32844167 a multiple of 27?
False
Does 276 divide 19419084?
True
Does 377 divide 240780305?
False
Does 47 divide 37992121?
True
Is 32338320 a multiple of 163?
False
Is 38 a factor of 252167747?
False
Is 976805901 a multiple of 251?
False
Is 731062662 a multiple of 66?
True
Is 7661 a factor of 1645336037?
False
Is 92 a factor of 687695862?
False
Is 258959064 a multiple of 24?
True
Does 31 divide 146388913?
True
Is 169 a factor of 1461746216?
False
Is 1283161 a multiple of 4?
False
Is 4760 a factor of 1242959760?
True
Is 163035540 a multiple of 9?
True
Does 280 divide 1525273894?
False
Is 548925240 a multiple of 340?
True
Is 34980270 a multiple of 195?
True
Is 41501131 a multiple of 17?
True
Does 5 divide 180580510?
True
Is 623 a factor of 65672326?
False
Is 2242177 a multiple of 3599?
True
Is 4 a factor of 354886190?
False
Does 19 divide 76485305?
False
Does 579 divide 19681493?
False
Does 54 divide 10928352?
False
Is 41121287 a multiple of 495?
False
Is 75 a factor of 16536930?
False
Is 595995400 a multiple of 440?
True
Is 142085545 a multiple of 301?
True
Is 2589220 a multiple of 2?
True
Is 31 a factor of 385357768?
False
Does 416 divide 29635995?
False
Is 21 a factor of 240303672?
True
Does 116 divide 128536107?
False
Does 51 divide 94526715?
True
Is 19336469 a multiple of 71?
False
Is 122 a factor of 843016706?
True
Does 9 divide 27517328?
False
Is 33 a factor of 132686821?
False
Is 6 a factor of 369440990?
False
Is 1182 a factor of 903391962?
True
Does 502 divide 299591575?
False
Is 959 a factor of 1687373926?
True
Is 56611644 a multiple of 1509?
True
Is 134953013 a multiple of 403?
True
Does 21 divide 2169957229?
False
Does 53 divide 600812346?
True
Is 4 a factor of 404378627?
False
Is 61 a factor of 309011761?
False
Is 11805285 a multiple of 127?
True
Does 4 divide 1160537907?
False
Is 104542175 a multiple of 400?
False
Is 12892085 a multiple of 655?
False
Is 64048275 a multiple of 295?
False
Does 11 divide 9138462?
False
Is 2733 a factor of 2977278273?
True
Is 15300692 a multiple of 404?
True
Is 47993924 a multiple of 373?
False
Is 438622088 a multiple of 59?
False
Is 15 a factor of 19997058?
False
Is 9 a factor of 1149209?
False
Does 17 divide 15705501?
True
Is 6247 a factor of 1916407069?
False
Does 136 divide 57921992?
True
Is 1422909392 a multiple of 76?
True
Is 9 a factor of 25548572?
False
Is 8638771 even?
False
Is 76629375 a multiple of 4541?
True
Does 1177 divide 145434828?
True
Is 15 a factor of 1960663230?
True
Is 25 a factor of 2063511905?
False
Does 77 divide 4142851332?
False
Is 1151 a factor of 102416596?
False
Does 127 divide 141416151?
True
Is 537259728 a multiple of 53?
True
Is 44265754 a multiple of 299?
True
Is 260 a factor of 5954637?
False
Does 70 divide 121022388?
False
Is 33614132 a multiple of 43?
True
Is 29 a factor of 2617315627?
True
Is 226825776 a multiple of 1236?
True
Is 612713514 a multiple of 14?
True
Is 91191033 a multiple of 953?
False
Is 217514524 a multiple of 2371?
False
Is 6 a factor of 2323183467?
False
Does 25 divide 82414101?
False
Does 33 divide 43200234?
True
Does 2545 divide 37719469?
False
Does 2 divide 299261451?
False
Is 11722 a factor of 2288977160?
False
Is 603 a factor of 130743836?
False
Is 91656291 a multiple of 321?
False
Does 69 divide 976787?
False
